{"id":2794,"date":"2018-12-18T12:45:47","date_gmt":"2018-12-18T12:45:47","guid":{"rendered":"http:\/\/www.echurch-mmberg.de\/?page_id=2794"},"modified":"2019-11-17T10:40:06","modified_gmt":"2019-11-17T10:40:06","slug":"taufe","status":"publish","type":"page","link":"https:\/\/www.echurch-mmberg.de\/?page_id=2794","title":{"rendered":"Taufe"},"content":{"rendered":"<div id=\"stacks_out_1076_page10\" class=\"stacks_out\">\n<div id=\"stacks_in_1076_page10\" class=\"stacks_in com_joeworkman_stacks_foundation_2col_s3_stack\">\n<div class=\"row \">\n<div class=\"columns small-12 medium-6 \">\n<div id=\"stacks_out_1079_page10\" class=\"stacks_out\">\n<div id=\"stacks_in_1079_page10\" class=\"stacks_in com_joeworkman_stacks_foundation_header_stack\">\n<p class=\"text-left \">Deine Taufe: Du wirst aufgenommen in die Gemeinschaft derer, denen Gottes Liebe und Gnade bedingungslos zugesprochen worden ist.<\/p>\n<\/div>\n<\/div>\n<div id=\"stacks_out_1081_page10\" class=\"stacks_out\">\n<div id=\"stacks_in_1081_page10\" class=\"stacks_in com_joeworkman_stacks_foundation_paragraph_s3_stack\">\n<h3 class=\"text-left \" draggable=\"false\">Checkliste f\u00fcr den Taufgottesdienst<\/h3>\n<\/div>\n<\/div>\n<\/div>\n<div class=\"columns small-12 medium-6 \">\n<div id=\"stacks_out_1087_page10\" class=\"stacks_out\">\n<div id=\"stacks_in_1087_page10\" class=\"stacks_in com_joeworkman_stacks_foundation_paragraph_s3_stack\">\n<ul class=\"disc\">\n<li>Tauftermin und Vorgespr\u00e4ch mit Pfarrer Ludwig vereinbaren<\/li>\n<li>Ein bis zwei Paten, die auch getauft sein m\u00fcssen&nbsp;<\/li>\n<li>Taufkerze besorgen&nbsp;<\/li>\n<\/ul>\n<\/div>\n<\/div>\n<\/div>\n<\/div>\n<\/div>\n<\/div>\n<div id=\"stacks_out_1089_page10\" class=\"stacks_out\">\n<div id=\"stacks_in_1089_page10\" class=\"stacks_in com_joeworkman_stacks_foundation_2col_s3_stack\">\n<div class=\"row \">\n<div class=\"columns small-12 medium-6 \">\n<div id=\"stacks_out_1092_page10\" class=\"stacks_out\">\n<div id=\"stacks_in_1092_page10\" class=\"stacks_in com_joeworkman_stacks_foundation_header_stack\">\n<h3 class=\"text-left \">Tauftermine<\/h3>\n<\/div>\n<\/div>\n<div id=\"stacks_out_1096_page10\" class=\"stacks_out\">\n<div id=\"stacks_in_1096_page10\" class=\"stacks_in com_joeworkman_stacks_foundation_paragraph_s3_stack\">\n<p class=\"text-left \" draggable=\"false\">Wahlweise kann die Taufe um 9:30 Uhr im Hauptgottesdienst oder um 11 Uhr in einem eigenen Taufgottesdienst gefeiert werden.&nbsp;<\/p>\n<p class=\"text-left \" draggable=\"false\">Bitte setzen Sie sich m\u00f6glichst fr\u00fchzeitig mit uns wegen einer Terminvereinbarung in Verbindung.<\/p>\n<\/div>\n<\/div>\n<\/div>\n<div class=\"columns small-12 medium-6 \">\n<div id=\"stacks_out_1094_page10\" class=\"stacks_out\">\n<div id=\"stacks_in_1094_page10\" class=\"stacks_in com_joeworkman_stacks_foundation_header_stack\">\n<h3 class=\"text-left \">Mitwirkung beim Taufgottesdienst<\/h3>\n<\/div>\n<\/div>\n<div id=\"stacks_out_1098_page10\" class=\"stacks_out\">\n<div id=\"stacks_in_1098_page10\" class=\"stacks_in com_joeworkman_stacks_foundation_paragraph_s3_stack\">\n<p class=\"text-left \" draggable=\"false\">Es gibt viele M\u00f6glichkeiten beim Taufgottesdienst mitzuwirken. Zum Beispiel:<\/p>\n<ul class=\"disc\">\n<li>Musikalische Beitr\u00e4ge<\/li>\n<li>Lesungen und F\u00fcrbitten<\/li>\n<li>Segensgebet nach der Taufe<\/li>\n<li>Selbsgestaltete Taufkerze<\/li>\n<\/ul>\n<\/div>\n<\/div>\n<\/div>\n<\/div>\n<\/div>\n<\/div>\n","protected":false},"excerpt":{"rendered":"<p>Deine Taufe: Du wirst aufgenommen in die Gemeinschaft derer, denen Gottes Liebe und Gnade bedingungslos zugesprochen worden ist. Checkliste f\u00fcr den Taufgottesdienst Tauftermin und Vorgespr\u00e4ch mit Pfarrer Ludwig vereinbaren Ein bis zwei Paten, die auch getauft sein m\u00fcssen&nbsp; Taufkerze besorgen&nbsp; Tauftermine Wahlweise kann die Taufe um 9:30 Uhr im Hauptgottesdienst &#8230;<\/p>\n","protected":false},"author":7,"featured_media":0,"parent":0,"menu_order":0,"comment_status":"closed","ping_status":"closed","template":"","meta":{"ngg_post_thumbnail":0,"footnotes":""},"class_list":["post-2794","page","type-page","status-publish","hentry"],"_links":{"self":[{"href":"https:\/\/www.echurch-mmberg.de\/index.php?rest_route=\/wp\/v2\/pages\/2794","targetHints":{"allow":["GET"]}}],"collection":[{"href":"https:\/\/www.echurch-mmberg.de\/index.php?rest_route=\/wp\/v2\/pages"}],"about":[{"href":"https:\/\/www.echurch-mmberg.de\/index.php?rest_route=\/wp\/v2\/types\/page"}],"author":[{"embeddable":true,"href":"https:\/\/www.echurch-mmberg.de\/index.php?rest_route=\/wp\/v2\/users\/7"}],"replies":[{"embeddable":true,"href":"https:\/\/www.echurch-mmberg.de\/index.php?rest_route=%2Fwp%2Fv2%2Fcomments&post=2794"}],"version-history":[{"count":15,"href":"https:\/\/www.echurch-mmberg.de\/index.php?rest_route=\/wp\/v2\/pages\/2794\/revisions"}],"predecessor-version":[{"id":3065,"href":"https:\/\/www.echurch-mmberg.de\/index.php?rest_route=\/wp\/v2\/pages\/2794\/revisions\/3065"}],"wp:attachment":[{"href":"https:\/\/www.echurch-mmberg.de\/index.php?rest_route=%2Fwp%2Fv2%2Fmedia&parent=2794"}],"curies":[{"name":"wp","href":"https:\/\/api.w.org\/{rel}","templated":true}]}}

<div id="stacks_out_1076_page10" class="stacks_out">
<div id="stacks_in_1076_page10" class="stacks_in com_joeworkman_stacks_foundation_2col_s3_stack">
<div class="row ">
<div class="columns small-12 medium-6 ">
<div id="stacks_out_1079_page10" class="stacks_out">
<div id="stacks_in_1079_page10" class="stacks_in com_joeworkman_stacks_foundation_header_stack">
<p class="text-left ">Deine Taufe: Du wirst aufgenommen in die Gemeinschaft derer, denen Gottes Liebe und Gnade bedingungslos zugesprochen worden ist.</p>
</div>
</div>
<div id="stacks_out_1081_page10" class="stacks_out">
<div id="stacks_in_1081_page10" class="stacks_in com_joeworkman_stacks_foundation_paragraph_s3_stack">
<h3 class="text-left " draggable="false">Checkliste für den Taufgottesdienst</h3>
</div>
</div>
</div>
<div class="columns small-12 medium-6 ">
<div id="stacks_out_1087_page10" class="stacks_out">
<div id="stacks_in_1087_page10" class="stacks_in com_joeworkman_stacks_foundation_paragraph_s3_stack">
<ul class="disc">
<li>Tauftermin und Vorgespräch mit Pfarrer Ludwig vereinbaren</li>
<li>Ein bis zwei Paten, die auch getauft sein müssen&nbsp;</li>
<li>Taufkerze besorgen&nbsp;</li>
</ul>
</div>
</div>
</div>
</div>
</div>
</div>
<div id="stacks_out_1089_page10" class="stacks_out">
<div id="stacks_in_1089_page10" class="stacks_in com_joeworkman_stacks_foundation_2col_s3_stack">
<div class="row ">
<div class="columns small-12 medium-6 ">
<div id="stacks_out_1092_page10" class="stacks_out">
<div id="stacks_in_1092_page10" class="stacks_in com_joeworkman_stacks_foundation_header_stack">
<h3 class="text-left ">Tauftermine</h3>
</div>
</div>
<div id="stacks_out_1096_page10" class="stacks_out">
<div id="stacks_in_1096_page10" class="stacks_in com_joeworkman_stacks_foundation_paragraph_s3_stack">
<p class="text-left " draggable="false">Wahlweise kann die Taufe um 9:30 Uhr im Hauptgottesdienst oder um 11 Uhr in einem eigenen Taufgottesdienst gefeiert werden.&nbsp;</p>
<p class="text-left " draggable="false">Bitte setzen Sie sich möglichst frühzeitig mit uns wegen einer Terminvereinbarung in Verbindung.</p>
</div>
</div>
</div>
<div class="columns small-12 medium-6 ">
<div id="stacks_out_1094_page10" class="stacks_out">
<div id="stacks_in_1094_page10" class="stacks_in com_joeworkman_stacks_foundation_header_stack">
<h3 class="text-left ">Mitwirkung beim Taufgottesdienst</h3>
</div>
</div>
<div id="stacks_out_1098_page10" class="stacks_out">
<div id="stacks_in_1098_page10" class="stacks_in com_joeworkman_stacks_foundation_paragraph_s3_stack">
<p class="text-left " draggable="false">Es gibt viele Möglichkeiten beim Taufgottesdienst mitzuwirken. Zum Beispiel:</p>
<ul class="disc">
<li>Musikalische Beiträge</li>
<li>Lesungen und Fürbitten</li>
<li>Segensgebet nach der Taufe</li>
<li>Selbsgestaltete Taufkerze</li>
</ul>
</div>
</div>
</div>
</div>
</div>
</div>

<p>Deine Taufe: Du wirst aufgenommen in die Gemeinschaft derer, denen Gottes Liebe und Gnade bedingungslos zugesprochen worden ist. Checkliste für den Taufgottesdienst Tauftermin und Vorgespräch mit Pfarrer Ludwig vereinbaren Ein bis zwei Paten, die auch getauft sein müssen&nbsp; Taufkerze besorgen&nbsp; Tauftermine Wahlweise kann die Taufe um 9:30 Uhr im Hauptgottesdienst &#8230;</p>
